{"id":17,"date":"2023-02-16T18:45:37","date_gmt":"2023-02-16T17:45:37","guid":{"rendered":"https:\/\/numaeventos.com\/?page_id=17"},"modified":"2023-12-09T11:32:25","modified_gmt":"2023-12-09T10:32:25","slug":"servicios","status":"publish","type":"page","link":"https:\/\/numaeventos.com\/index.php\/servicios\/","title":{"rendered":"Servicios"},"content":{"rendered":"\n<h2 class=\"wp-block-heading\">Celebra tu Fiesta de <strong>Cumplea\u00f1os<\/strong> con nosotros<\/h2>\n\n\n\n<div class=\"wp-block-media-text is-stacked-on-mobile\" style=\"grid-template-columns:52% auto\"><figure class=\"wp-block-media-text__media\"><img decoding=\"async\" loading=\"lazy\" width=\"768\" height=\"513\" src=\"https:\/\/numaeventos.com\/wp-content\/uploads\/2023\/08\/fiestas-cumpleanos-adultos.jpeg\" alt=\"\" class=\"wp-image-141 size-full\" srcset=\"https:\/\/numaeventos.com\/wp-content\/uploads\/2023\/08\/fiestas-cumpleanos-adultos.jpeg 768w, https:\/\/numaeventos.com\/wp-content\/uploads\/2023\/08\/fiestas-cumpleanos-adultos-300x200.jpeg 300w, https:\/\/numaeventos.com\/wp-content\/uploads\/2023\/08\/fiestas-cumpleanos-adultos-507x338.jpeg 507w\" sizes=\"(max-width: 768px) 100vw, 768px\" \/><\/figure><div class=\"wp-block-media-text__content\">\n<p><\/p>\n\n\n\n<p>En <strong>Numa Eventos<\/strong> podemos organizar tu fiesta de cumplea\u00f1os y encargarnos de todo. Tenemos acuerdos con diferentes locales y espacios de Madrid para que tu fiesta sea todo un \u00e9xito. <\/p>\n\n\n\n<p>La comida no ser\u00e1 un problema para tus invitados ya que tambi\u00e9n incluiremos un servicio de Catering. <\/p>\n\n\n\n<p>Tenemos muchas ideas que podemos contarte. P\u00eddenos presupuesto!<\/p>\n<\/div><\/div>\n\n\n\n<h2 class=\"wp-block-heading\">Contrataci\u00f3n de saxofonistas<\/h2>\n\n\n\n<div class=\"wp-block-columns is-layout-flex wp-container-3 wp-block-columns-is-layout-flex\">\n<div class=\"wp-block-column is-layout-flow wp-block-column-is-layout-flow\">\n<p>Ofrecemos la posibilidad de contratar saxofonistas para generar un ambiente \u00fanico. Nuestros artistas pueden amenizar con m\u00fasica tu evento. <\/p>\n\n\n\n<p>En el c\u00f3ctel, sin duda alguna, todo el espect\u00e1culo musical con un recorrido entre todos los g\u00e9neros que abarcan del jazz, soul, blues, chill-out con flauta travesera, seguir\u00e1 con los gigantes de la m\u00fasica como son Queen, M. Jackson, Scorpions o Bruno Mars, entre otros, hasta llegar a lo m\u00e1s actual del momento o la m\u00fasica electr\u00f3nica de Guetta o Avicii. <\/p>\n\n\n\n<p>Pondr\u00e1n a bailar a todos vuestros invitados en la disco con las mejores canciones del momento, el reggaet\u00f3n m\u00e1s actual, la m\u00fasica House o Dance que todo el mundo conoce, ritmos latinos o Rock. Adem\u00e1s, se iluminan con chaqueta led y gusnates led l\u00e1ser. \u00a1Qu\u00e9 os quiten lo bailao!<\/p>\n<\/div>\n\n\n\n<div class=\"wp-block-column is-layout-flow wp-block-column-is-layout-flow\">\n<figure class=\"wp-block-image size-large\"><img decoding=\"async\" loading=\"lazy\" width=\"682\" height=\"1024\" src=\"https:\/\/numaeventos.com\/wp-content\/uploads\/2023\/12\/MG_3066-2-682x1024.jpg\" alt=\"\" class=\"wp-image-248\" srcset=\"https:\/\/numaeventos.com\/wp-content\/uploads\/2023\/12\/MG_3066-2-682x1024.jpg 682w, https:\/\/numaeventos.com\/wp-content\/uploads\/2023\/12\/MG_3066-2-200x300.jpg 200w, https:\/\/numaeventos.com\/wp-content\/uploads\/2023\/12\/MG_3066-2-768x1152.jpg 768w, https:\/\/numaeventos.com\/wp-content\/uploads\/2023\/12\/MG_3066-2-1024x1536.jpg 1024w, https:\/\/numaeventos.com\/wp-content\/uploads\/2023\/12\/MG_3066-2.jpg 1333w\" sizes=\"(max-width: 682px) 100vw, 682px\" \/><\/figure>\n<\/div>\n<\/div>\n\n\n\n<p><\/p>\n\n\n\n<h2 class=\"wp-block-heading\">Un Fotomat\u00f3n en tu fiesta es una buena elecci\u00f3n<\/h2>\n\n\n\n<div class=\"wp-block-columns is-layout-flex wp-container-6 wp-block-columns-is-layout-flex\">\n<div class=\"wp-block-column is-layout-flow wp-block-column-is-layout-flow\">\n<figure class=\"wp-block-image size-full is-resized\"><img decoding=\"async\" loading=\"lazy\" width=\"788\" height=\"496\" src=\"https:\/\/numaeventos.com\/wp-content\/uploads\/2023\/12\/fotomaton.png\" alt=\"\" class=\"wp-image-249\" style=\"aspect-ratio:1.5887096774193548;width:437px;height:auto\" srcset=\"https:\/\/numaeventos.com\/wp-content\/uploads\/2023\/12\/fotomaton.png 788w, https:\/\/numaeventos.com\/wp-content\/uploads\/2023\/12\/fotomaton-300x189.png 300w, https:\/\/numaeventos.com\/wp-content\/uploads\/2023\/12\/fotomaton-768x483.png 768w\" sizes=\"(max-width: 788px) 100vw, 788px\" \/><\/figure>\n<\/div>\n\n\n\n<div class=\"wp-block-column is-layout-flow wp-block-column-is-layout-flow\">\n<p>\u00bfEst\u00e1s buscando una manera divertida y \u00fanica de hacer que tu pr\u00f3ximo evento sea un \u00e9xito?<\/p>\n\n\n\n<p>\u00a1Nuestro servicio de fotomat\u00f3n puede ser justo lo que necesitas!<\/p>\n\n\n\n<p>Nuestro fotomat\u00f3n es la opci\u00f3n perfecta para animar cualquier evento, para una fiesta de cumplea\u00f1os, una boda, una cena de Navidad o cualquier otra celebraci\u00f3n especial.<\/p>\n\n\n\n<p>Nuestro equipo se asegurar\u00e1 de que el evento sea memorable y divertido para todos los asistentes.<\/p>\n<\/div>\n<\/div>\n","protected":false},"excerpt":{"rendered":"<p>Celebra tu Fiesta de Cumplea\u00f1os con nosotros En Numa Eventos podemos organizar tu fiesta de cumplea\u00f1os y encargarnos de todo.<\/p>\n<p><a href=\"https:\/\/numaeventos.com\/index.php\/servicios\/\" class=\"more-link\">Seguir leyendo<span class=\"screen-reader-text\">Servicios<\/span><\/a><\/p>\n","protected":false},"author":1,"featured_media":0,"parent":0,"menu_order":0,"comment_status":"closed","ping_status":"closed","template":"","meta":{"_monsterinsights_skip_tracking":false,"_monsterinsights_sitenote_active":false,"_monsterinsights_sitenote_note":"","_monsterinsights_sitenote_category":0,"footnotes":"","_joinchat":[]},"aioseo_notices":[],"_links":{"self":[{"href":"https:\/\/numaeventos.com\/index.php\/wp-json\/wp\/v2\/pages\/17"}],"collection":[{"href":"https:\/\/numaeventos.com\/index.php\/wp-json\/wp\/v2\/pages"}],"about":[{"href":"https:\/\/numaeventos.com\/index.php\/wp-json\/wp\/v2\/types\/page"}],"author":[{"embeddable":true,"href":"https:\/\/numaeventos.com\/index.php\/wp-json\/wp\/v2\/users\/1"}],"replies":[{"embeddable":true,"href":"https:\/\/numaeventos.com\/index.php\/wp-json\/wp\/v2\/comments?post=17"}],"version-history":[{"count":8,"href":"https:\/\/numaeventos.com\/index.php\/wp-json\/wp\/v2\/pages\/17\/revisions"}],"predecessor-version":[{"id":250,"href":"https:\/\/numaeventos.com\/index.php\/wp-json\/wp\/v2\/pages\/17\/revisions\/250"}],"wp:attachment":[{"href":"https:\/\/numaeventos.com\/index.php\/wp-json\/wp\/v2\/media?parent=17"}],"curies":[{"name":"wp","href":"https:\/\/api.w.org\/{rel}","templated":true}]}}